. Let a(c) = 7*o(c) + 6*w(c). What is the units digit of a(-1)?
3
Let o = -54 - -34. Let u = o + 10. What is the units digit of (-2*16)/(2*2/u)?
0
Suppose 5*s = -0*s + 2*s. Let f be (-1)/(-4)*s + 1 + 3. Let b(g) = 3*g - 6. What is the units digit of b(f)?
6
Let b(q) = 16*q - 51. Let r be (17 + 0)*((3 - 0) + -2). What is the tens digit of b(r)?
2
Let y(b) = -b**3 - 76*b**2 - 84*b + 510. What is the hundreds digit of y(-76)?
8
Suppose -6 = -3*x, 0 = 5*g - 24*x + 19*x - 10760. What is the thousands digit of g?
2
Suppose 0*h + 3*h = 12. Let r(y) = 56*y**2 - 9*y + 1. Let c be r(h). What is the hundreds digit of c/6 + (-1)/2?
1
Let b(f) = 19*f**2 - 2*f - 9. Let w be b(-25). Suppose -9*g = 9*g - w. What is the hundreds digit of g?
6
Suppose -3*b + g + 11 = 0, -7*g + 2*g + 5 = 0. Suppose -p = -b*j + 360 + 731, 2*j - 553 = 3*p. What is the units digit of j?
2
Suppose 0 = 110*s - 105*s + 65. What is the hundreds digit of 19*s/(-2)*2?
2
What is the ten thousands digit of 70/(-40) - 1*(-42571)/4?
1
Let t(u) = 718*u**2 - 12*u - 305. What is the tens digit of t(-8)?
4
Let y(n) = 5*n**3 + 7*n**2 - 4*n - 6. Let t be y(-3). Let o(a) = 133*a + 1. Let j be o(1). Let c = j + t. What is the units digit of c?
8
Suppose -118*z = 82*z - 8427600. What is the ten thousands digit of z?
4
Suppose 3*k - 3*t = 2940, k + t + 0*t = 970. Let a = -14 + 20. Suppose 0 = a*o - k - 153. What is the hundreds digit of o?
1
Suppose 26 = 5*x - 4*l, 2*x - 7*l = -6*l + 11. Suppose x*z + 889 = 2431. What is the units digit of z?
7
Let k(m) = 2 + 321*m**3 + 2*m**2 - 4*m**2 - 322*m**3 + 2*m. Let b(y) = -y**2 + 3*y - 4. Let u be b(3). What is the units digit of k(u)?
6
What is the tens digit of (-1)/(-1*-4*2 + 15140679/(-1892581))?
5
What is the units digit of 4/46 + 3559160/506?
4
What is the tens digit of (2/(-8))/(12 - (-3763455)/(-313620)) + -5?
2
Let j(o) = 6*o - 4. Let c be j(2). Suppose 0 = -c*r + 7*r - 66. Let d = 195 + r. What is the hundreds digit of d?
1
Let c(u) = -13*u**3 + 3*u. Let n be c(3). Suppose -26*l - 499 - 13931 = 0. Let v = n - l. What is the units digit of v?
3
Suppose -7*f + 22*f - 45 = 0. Suppose 8*n - 3*k = 5*n + 597, -597 = -f*n - 4*k. What is the units digit of n?
9
Let c = 259 + 121. Suppose -17*h - 3*h = -c. What is the tens digit of h?
1
Suppose -32*o - 33*o + 75*o = 226110. What is the ten thousands digit of o?
2
Suppose -2*d - 2 = 0, 0 = -7*n + 9*n + 5*d - 4597. What is the thousands digit of n?
2
Let d(x) = 2*x**3 - x**2 + 60. Let h be d(0). What is the units digit of 3/4 + 21615/h?
1
Let j be (-3 + 8)/((-4)/8). What is the tens digit of 6810/20 - (-5)/j?
4
Let t(l) = -317*l + 285. What is the ten thousands digit of t(-39)?
1
Suppose 8 = 7*v - 3*v. Let d be (-24)/18 + v/(-3) + -6. What is the tens digit of 45 + d - (4/(-1) + 1)?
4
Let h(m) = 4*m - 25. Let j = 33 - 27. Let k be h(j). What is the tens digit of 2 - 8/((-2)/(-24)*k)?
9
Let a(h) = 49*h - 1. Let v be a(21). Suppose -v + 282 = -2*s. What is the tens digit of s?
7
Suppose 1377*l - 1126311 = 1352*l - 232811. What is the tens digit of l?
4
Suppose 3*j - 2*c = -c + 7, -c = 3*j + 1. Let f be (-6 - -1) + j - -4. Suppose 2*d + 3*v - 24 - 54 = 0, f = 5*d + 3*v - 186. What is the units digit of d?
6
Let l be 4/(-8) - ((-1)/2)/1. Let c = -13 + 13. Suppose l = -n - 2*m + 36 + 74, c = 2*m - 8. What is the tens digit of n?
0
Suppose -6*g = -8*g + 1200. Let y be ((-4)/10)/(3/g). Let p = y - -126. What is the tens digit of p?
4
Suppose 5 + 15 = 5*x. Suppose k = -4*r - 96, -5*r = -x*r - 2. Let f = k + 203. What is the units digit of f?
9
Let x(o) = 26 - 13*o - 8*o**2 - 8 + 3*o**2 + o**3 + 4. What is the units digit of x(9)?
9
Let p be (-1)/1*(-6 - -6). Suppose n = 2*b - 41, p*b = -3*b + n + 62. What is the units digit of 3 - (14/b + 52/(-6))?
1
Suppose -109504 = -4*d + 5*r, d + 10*r - 5*r - 27426 = 0. What is the thousands digit of d?
7
Suppose 14*l - 13*l = -u + 5375, -3*l + 4*u + 16160 = 0. What is the thousands digit of l?
5
Let f(r) = 321*r**2 + 7*r - 7. What is the hundreds digit of f(4)?
1
Let m(q) = q**2 - 8*q + 17. Let i be m(6). What is the tens digit of ((-8)/(-60)*i)/(3/2826)?
2
What is the hundreds digit of -5 + 11 + (-18960)/(-4) + 0?
7
Suppose -13*m = -12*m - 8. Suppose m*z = 6*z. Suppose z*h = -3*h - f + 117, 4*f = -4*h + 156. What is the tens digit of h?
3
Suppose -13*v = 4272 - 12852. Suppose -19*w + v = w. What is the units digit of w?
3
Suppose 0 = -2*o - 3*o + 205. Let b = o + -85. What is the units digit of (21 + -15)*b/(-3)?
8
Let d = 141 - 137. Suppose -4326 = -5*u + d*h + 2447, -4*h + 12 = 0. What is the units digit of u?
7
Let b(q) be the second derivative of 31*q**3/6 - 180*q**2 + 11*q. What is the units digit of b(26)?
6
Let h = -51 + 241. Suppose 1736 = 18*r - h. What is the units digit of r?
7
Let q be 20 + -22 - (132 - 2/(-2)). Suppose -z - 2*z + 15 = 0, 3*z - 45 = -5*b. What is the units digit of 8/(-6)*q/b?
0
Let z be 11 - (-2)/(-3)*261/(-58). What is the tens digit of 10492/z + -2 - 9/21?
4
Suppose w - 4307 = -8*r + 20524, -4*w + 99254 = -3*r. What is the ten thousands digit of w?
2
Let c(k) = -k**3 + 13*k**2 - 4*k + 21. Let i = -91 + 91. Suppose i = 13*v + 24 - 180. What is the units digit of c(v)?
7
Let i = 20012 - 1718. What is the ten thousands digit of i?
1
Let q = -14 + 58. Let t(h) = 79*h - 55. Let p be t(1). Let y = q - p. What is the tens digit of y?
2
Let x = -19376 + 33514. What is the units digit of x?
8
Suppose 92 = 13*t + 14. Suppose -h + t*h = -5*q + 4320, -2*h + 2591 = 3*q. What is the tens digit of q?
6
Let j = 307 - 307. What is the units digit of (j - 418)*((-180)/(-8))/(-15)?
7
Let w(d) = d**3 - 12*d**2 + 7*d + 49. Let m be w(11). What is the tens digit of (m - (-831)/(-6))*-2?
6
Let f be ((-95)/(-20))/(-19) + 215/(-4). Let k = 790 + f. What is the tens digit of k?
3
Let h = -69316 + 119909. What is the tens digit of h?
9
Suppose x - 16550 = -2*b + 4*x, 4*x + 16546 = 2*b. What is the hundreds digit of b?
2
What is the hundreds digit of (53096/(-24))/(28/(-84))?
6
Suppose -185*a - 53229 = -218*a. What is the thousands digit of a?
1
Let u be 2/15 + (5 - (-375204)/45). What is the units digit of u/15 - 16/(-20)?
7
Let n be (-6)/21 - (-5080)/(-56). Let k = 210 + n. What is the units digit of k?
9
Suppose -8*q = -2*q - 54. Suppose -q*f - 4*f + 2548 = 0. What is the hundreds digit of f?
1
Suppose -5*x = 2*c - 3*x - 2342, -x = -2*c + 2351. Let v = 1773 - c. What is the units digit of v?
9
Let k(z) be the first derivative of 2/3*z**3 - 2*z - 29 + 0*z**2. What is the units digit of k(-9)?
0
Suppose -4*q - 2*m + 340283 - 20621 = 0, -q + 79902 = 5*m. What is the ten thousands digit of q?
7
Let x be 1325/(-10)*4/2. Let r = x + 131. Let n = -66 - r. What is the units digit of n?
8
Let t = 172 - 46. Suppose q = 5*h + t, 0 = 3*q + 4*h + h - 358. What is the units digit of q?
1
Suppose 5*g + 3*t = 21, 3*g - 25 = -t - 10. Suppose 7*q = -2 + 16. Suppose -2*j + 104 = q*l, 4*j + 184 = g*l - 2*l. What is the units digit of l?
9
Suppose -3*n = 3*v - v + 5531, 2*n + 13800 = -5*v. Let i be (-6)/21 + v/(-49). Let q = 156 + i. What is the tens digit of q?
1
Let q be 2*((-9)/(-15) + (-96590)/(-100)). Let s = -1340 + q. What is the tens digit of s?
9
Let j(r) = 61*r**3 + 11*r**2 - 25*r - 4. Let i be j(4). What is the tens digit of (42/8)/(42/i)?
9
Let x(g) = 9*g + 79. Let s be x(-9). Let m(n) = 166*n**2 - 7*n - 18. What is the tens digit of m(s)?
6
Let g(m) = -2176*m - 16695. What is the thousands digit of g(-14)?
3
Let t = -7194 - -26949. What is the units digit of t?
5
Let y = 1553 + -648. Let x be (-27)/(-4) + 10/8. Suppose -x*i + 3*i + y = 0. What is the tens digit of i?
8
Suppose -8*w = 2943 - 8055. Suppose -10*r + 13*r - w = 0. What is the units digit of r?
3
Let s = 8 - 5. Let q(p) = -1 + 4 + p**3 + 0 + 3*p - s*p**2 + 0. What is the units digit of q(5)?
8
Let k = 25996 + -6440. What is the tens digit of k?
5
Suppose -m = 4*b - 20, b + m + 20 = 5*b. Suppose -5*t - 24 = 5*f + 31, -5*t + b*f - 25 = 0. Let h(k) = -6*k + 15. What is the units digit of h(t)?
3
What is the units digit of 15/(313*130/13560 + 9/(-3))?
0
Suppose 911462 = -3174*x + 3205*x. What is the hundreds digit of x?
4
Let q be ((-8)/4)/(4 - 2)*-2. Let m be (1*q + (-5)/2)*2. What is the hundreds digit of (-1)/(-2*m